{"id":145,"date":"2021-04-14T08:05:36","date_gmt":"2021-04-14T08:05:36","guid":{"rendered":"http:\/\/www.praxis-vielfalt.at\/?page_id=145"},"modified":"2021-11-21T09:01:55","modified_gmt":"2021-11-21T09:01:55","slug":"geburtsvorbereitung","status":"publish","type":"page","link":"https:\/\/www.praxis-vielfalt.at\/?page_id=145","title":{"rendered":"Geburtsvorbereitung"},"content":{"rendered":"\n<p>Die bevorstehende Geburt eines Kindes ist ein aufregendes und ein oft mit&nbsp;vielen Fragen&nbsp;besetztes Ereignis.<\/p>\n\n\n\n<p>Durch eine umfassende Vorbereitung durch Gespr\u00e4che, \u00dcbungen und genaue Informationen sowie viele praktische Tipps treten&nbsp; Unsicherheit und \u00c4ngste in den Hintergrund und die Vorfreude w\u00e4chst.<\/p>\n\n\n\n<p>Ich habe mich auf individuelle Geburtsvorbereitung f\u00fcr Paare oder Frauen spezialisiert. In gesch\u00fctzter Atmosph\u00e4re hat alles Raum was Sie zu diesem Thema bewegt.<\/p>\n\n\n\n<p>Bew\u00e4hrt haben sich&nbsp;2 Abende zu 2,5 Stunden. Auch die Zeit danach, die Bed\u00fcrfnisse der neuen Familie&nbsp;und das Thema Stillen wird ausf\u00fchrlich besprochen.<\/p>\n\n\n\n<p><\/p>\n\n\n\n<p>Genauere Informationen finden sie unter: <a href=\"http:\/\/www.claudiagraf.at\">www.claudiagraf.at<\/a><\/p>\n\n\n\n<p>Tel.: 06644641014<\/p>\n","protected":false},"excerpt":{"rendered":"<p>Die bevorstehende Geburt eines Kindes ist ein aufregendes und ein oft mit&nbsp;vielen Fragen&nbsp;besetztes Ereignis. Durch eine umfassende Vorbereitung durch Gespr\u00e4che, \u00dcbungen und genaue Informationen sowie viele praktische Tipps treten&nbsp; Unsicherheit und \u00c4ngste in den Hintergrund und die Vorfreude w\u00e4chst. Ich habe mich auf individuelle Geburtsvorbereitung f\u00fcr Paare oder Frauen spezialisiert. In gesch\u00fctzter Atmosph\u00e4re hat alles<\/p>\n<div class=\"read-more-wrapper\"><a class=\"read-more\" href=\"https:\/\/www.praxis-vielfalt.at\/?page_id=145\" title=\"Read More\"> <span class=\"button default\">Read More<\/span><\/a><\/div>\n","protected":false},"author":1,"featured_media":0,"parent":47,"menu_order":0,"comment_status":"closed","ping_status":"closed","template":"","meta":{"footnotes":""},"class_list":["post-145","page","type-page","status-publish","hentry"],"_links":{"self":[{"href":"https:\/\/www.praxis-vielfalt.at\/index.php?rest_route=\/wp\/v2\/pages\/145","targetHints":{"allow":["GET"]}}],"collection":[{"href":"https:\/\/www.praxis-vielfalt.at\/index.php?rest_route=\/wp\/v2\/pages"}],"about":[{"href":"https:\/\/www.praxis-vielfalt.at\/index.php?rest_route=\/wp\/v2\/types\/page"}],"author":[{"embeddable":true,"href":"https:\/\/www.praxis-vielfalt.at\/index.php?rest_route=\/wp\/v2\/users\/1"}],"replies":[{"embeddable":true,"href":"https:\/\/www.praxis-vielfalt.at\/index.php?rest_route=%2Fwp%2Fv2%2Fcomments&post=145"}],"version-history":[{"count":4,"href":"https:\/\/www.praxis-vielfalt.at\/index.php?rest_route=\/wp\/v2\/pages\/145\/revisions"}],"predecessor-version":[{"id":651,"href":"https:\/\/www.praxis-vielfalt.at\/index.php?rest_route=\/wp\/v2\/pages\/145\/revisions\/651"}],"up":[{"embeddable":true,"href":"https:\/\/www.praxis-vielfalt.at\/index.php?rest_route=\/wp\/v2\/pages\/47"}],"wp:attachment":[{"href":"https:\/\/www.praxis-vielfalt.at\/index.php?rest_route=%2Fwp%2Fv2%2Fmedia&parent=145"}],"curies":[{"name":"wp","href":"https:\/\/api.w.org\/{rel}","templated":true}]}}