{"id":36,"date":"2021-03-12T09:47:06","date_gmt":"2021-03-12T09:47:06","guid":{"rendered":"http:\/\/www.praxis-vielfalt.at\/?page_id=36"},"modified":"2021-12-13T20:53:17","modified_gmt":"2021-12-13T20:53:17","slug":"katharina-schony","status":"publish","type":"page","link":"https:\/\/www.praxis-vielfalt.at\/?page_id=36","title":{"rendered":"Katharina Sch\u00f6ny"},"content":{"rendered":"\n<h3 class=\"has-text-align-center wp-block-heading\">Physiotherapeutin, Ostheopathin<\/h3>\n\n\n\n<p><strong>Ich stehe Ihnen gerne beratend und begleitend zur Seite:<\/strong><\/p>\n\n\n\n<p><\/p>\n\n\n\n<div class=\"wp-block-columns is-layout-flex wp-container-core-columns-is-layout-9d6595d7 wp-block-columns-is-layout-flex\">\n<div class=\"wp-block-column is-layout-flow wp-block-column-is-layout-flow\">\n<ul class=\"wp-block-list\" id=\"block-5210464b-cd7d-4043-91f7-c38b61075bd9\"><li>Behandlung bei akuten und chronischen Wirbels\u00e4ulenproblematiken<\/li><li>Therapie bei Schwindel, (chronischen) Kopfschmerzen sowie Tinnitus Behandlung bei Stress und stressbedingten k\u00f6rperlichen Symptomatiken wie Schlafst\u00f6rungen oder Ersch\u00f6pfung<\/li><li>Pr\u00e4vention und Rehabilitation nach Operationen und posttraumatischen Verletzungen<\/li><li>Viszerale Osteopathie<\/li><li>Craniosacraltherapie<\/li><li>Faszienbehandlung<\/li><li>Chronische Schmerztherapie<\/li><li>Manuelle Therapie<\/li><\/ul>\n\n\n\n<div style=\"height:50px\" aria-hidden=\"true\" class=\"wp-block-spacer\"><\/div>\n\n\n\n<p>Es wird um terminliche Voranmeldung gebeten: <\/p>\n\n\n\n<p>Tel.: 06503312913<\/p>\n<\/div>\n\n\n\n<div class=\"wp-block-column is-layout-flow wp-block-column-is-layout-flow\">\n<div class=\"wp-block-image is-style-rounded\"><figure class=\"aligncenter size-large is-resized\"><img loading=\"lazy\" decoding=\"async\" src=\"https:\/\/www.praxis-vielfalt.at\/wp-content\/uploads\/2021\/12\/Kathi-109-von-169-683x1024.jpg\" alt=\"\" class=\"wp-image-664\" width=\"319\" height=\"479\" srcset=\"https:\/\/www.praxis-vielfalt.at\/wp-content\/uploads\/2021\/12\/Kathi-109-von-169-683x1024.jpg 683w, https:\/\/www.praxis-vielfalt.at\/wp-content\/uploads\/2021\/12\/Kathi-109-von-169-200x300.jpg 200w, https:\/\/www.praxis-vielfalt.at\/wp-content\/uploads\/2021\/12\/Kathi-109-von-169-768x1152.jpg 768w, https:\/\/www.praxis-vielfalt.at\/wp-content\/uploads\/2021\/12\/Kathi-109-von-169-1024x1536.jpg 1024w, https:\/\/www.praxis-vielfalt.at\/wp-content\/uploads\/2021\/12\/Kathi-109-von-169-1365x2048.jpg 1365w, https:\/\/www.praxis-vielfalt.at\/wp-content\/uploads\/2021\/12\/Kathi-109-von-169-scaled.jpg 1707w\" sizes=\"auto, (max-width: 319px) 100vw, 319px\" \/><\/figure><\/div>\n<\/div>\n<\/div>\n\n\n\n<div class=\"wp-block-columns is-layout-flex wp-container-core-columns-is-layout-9d6595d7 wp-block-columns-is-layout-flex\">\n<div class=\"wp-block-column is-layout-flow wp-block-column-is-layout-flow\" style=\"flex-basis:100%\">\n<div class=\"wp-block-columns is-layout-flex wp-container-core-columns-is-layout-9d6595d7 wp-block-columns-is-layout-flex\">\n<div class=\"wp-block-column is-layout-flow wp-block-column-is-layout-flow\" style=\"flex-basis:100%\">\n<p><\/p>\n\n\n\n<p><\/p>\n<\/div>\n<\/div>\n<\/div>\n<\/div>\n\n\n\n<p><\/p>\n","protected":false},"excerpt":{"rendered":"<p>Physiotherapeutin, Ostheopathin Ich stehe Ihnen gerne beratend und begleitend zur Seite: Behandlung bei akuten und chronischen Wirbels\u00e4ulenproblematiken Therapie bei Schwindel, (chronischen) Kopfschmerzen sowie Tinnitus Behandlung bei Stress und stressbedingten k\u00f6rperlichen Symptomatiken wie Schlafst\u00f6rungen oder Ersch\u00f6pfung Pr\u00e4vention und Rehabilitation nach Operationen und posttraumatischen Verletzungen Viszerale Osteopathie Craniosacraltherapie Faszienbehandlung Chronische Schmerztherapie Manuelle Therapie Es wird um terminliche<\/p>\n<div class=\"read-more-wrapper\"><a class=\"read-more\" href=\"https:\/\/www.praxis-vielfalt.at\/?page_id=36\" title=\"Read More\"> <span class=\"button default\">Read More<\/span><\/a><\/div>\n","protected":false},"author":1,"featured_media":0,"parent":0,"menu_order":0,"comment_status":"closed","ping_status":"closed","template":"","meta":{"footnotes":""},"class_list":["post-36","page","type-page","status-publish","hentry"],"_links":{"self":[{"href":"https:\/\/www.praxis-vielfalt.at\/index.php?rest_route=\/wp\/v2\/pages\/36","targetHints":{"allow":["GET"]}}],"collection":[{"href":"https:\/\/www.praxis-vielfalt.at\/index.php?rest_route=\/wp\/v2\/pages"}],"about":[{"href":"https:\/\/www.praxis-vielfalt.at\/index.php?rest_route=\/wp\/v2\/types\/page"}],"author":[{"embeddable":true,"href":"https:\/\/www.praxis-vielfalt.at\/index.php?rest_route=\/wp\/v2\/users\/1"}],"replies":[{"embeddable":true,"href":"https:\/\/www.praxis-vielfalt.at\/index.php?rest_route=%2Fwp%2Fv2%2Fcomments&post=36"}],"version-history":[{"count":14,"href":"https:\/\/www.praxis-vielfalt.at\/index.php?rest_route=\/wp\/v2\/pages\/36\/revisions"}],"predecessor-version":[{"id":665,"href":"https:\/\/www.praxis-vielfalt.at\/index.php?rest_route=\/wp\/v2\/pages\/36\/revisions\/665"}],"wp:attachment":[{"href":"https:\/\/www.praxis-vielfalt.at\/index.php?rest_route=%2Fwp%2Fv2%2Fmedia&parent=36"}],"curies":[{"name":"wp","href":"https:\/\/api.w.org\/{rel}","templated":true}]}}