{"id":51,"date":"2021-03-12T09:49:58","date_gmt":"2021-03-12T09:49:58","guid":{"rendered":"http:\/\/www.praxis-vielfalt.at\/?page_id=51"},"modified":"2021-12-27T16:33:59","modified_gmt":"2021-12-27T16:33:59","slug":"logopadie","status":"publish","type":"page","link":"https:\/\/www.praxis-vielfalt.at\/?page_id=51","title":{"rendered":"Logop\u00e4die"},"content":{"rendered":"\n<p><\/p>\n\n\n\n<div style=\"height:21px\" aria-hidden=\"true\" class=\"wp-block-spacer\"><\/div>\n\n\n\n<p class=\"has-text-align-center\"><strong>Logop\u00e4die im Allgemeinen besch\u00e4ftigt sich mit der&nbsp;<\/strong><\/p>\n\n\n\n<p class=\"has-text-align-center\"><strong>Diagnostik von Sprach-, Sprech-, Stimm-, H\u00f6r-, und Schluckst\u00f6rungen und deren Behandlung.<\/strong><\/p>\n\n\n\n<p>Kommunikation ist ein wesentlicher Bestandteil des Lebens. Sich anderen verst\u00e4ndlich, klar und deutlich mitteilen zu k\u00f6nnen, erm\u00f6glicht die aktive und freudvolle Teilhabe an nahezu allen Aspekten unseres Lebens \u2013 ob im beruflichen Alltag, im sozialen und famili\u00e4ren Umfeld. <\/p>\n\n\n\n<p>Wenn Sprachverst\u00e4ndnis, Artikulation, Lautbildung oder \u00e4hnliches beeintr\u00e4chtigt sind, hemmt das die Betroffenen in ihrem Alltag \u2013 dadurch k\u00f6nnen auch die sozialen Beziehungen, beruflichen und schulischen Perspektiven beeintr\u00e4chtigt sein.<\/p>\n\n\n\n<p>Durch die logop\u00e4dische Therapie soll die Kommunikationsf\u00e4higkeit wiederhergestellt werden bzw. \u00fcberhaupt erst entwickelt werden. Die St\u00f6rungen rund um Sprache, Stimme und Sprechen werden untersucht und mit den speziell auf das Problem abgestimmten Methoden behandelt. <\/p>\n\n\n\n<p><\/p>\n\n\n\n<div style=\"height:33px\" aria-hidden=\"true\" class=\"wp-block-spacer\"><\/div>\n\n\n\n<p><\/p>\n\n\n\n<p><strong>Bernadette Walch Wahllogop\u00e4din:<\/strong><\/p>\n\n\n\n<div style=\"height:25px\" aria-hidden=\"true\" class=\"wp-block-spacer\"><\/div>\n\n\n\n<p>Da ich Wahllogop\u00e4din bin, wird Ihnen ein Teil der Therapiekosten von der zust\u00e4ndigen Krankenkasse refundiert (je nach Krankenkasse zwischen 50 % und 70%). Sollten Sie eine Zusatzversicherung haben, besteht die M\u00f6glichkeit, dass diese den Rest der Kosten deckt.<\/p>\n\n\n\n<p>Bevor eine logop\u00e4dische Therapie erfolgen kann, ben\u00f6tigen Sie eine Verordnung idealerweise vom Facharzt. Auf dieser Verordnung wird eine Diagnose vermerkt und es werden Angaben bez\u00fcglich der Menge der Therapieeinheiten und der Therapiedauer in Minuten angef\u00fchrt. Nach erfolgter Bewilligung der Verordnung bei der zust\u00e4ndigen Krankenkasse ist Ihnen die R\u00fcckerstattung der Teilkosten durch die Krankenkasse sicher.&nbsp;<\/p>\n\n\n\n<p>Seit der Corona-Pandemie entf\u00e4llt bei einigen Krankenkassen die Bewilligungspflicht.<\/p>\n\n\n\n<p>Ideal ist es, wenn Sie so bald wie m\u00f6glich zu mir Kontakt aufnehmen, damit wir zeitnah einen Kennenlerntermin einplanen k\u00f6nnen, um auch das weitere Vorgehen nach meiner Einsch\u00e4tzung besprechen zu k\u00f6nnen.&nbsp;<\/p>\n\n\n\n<p>Ich freue mich sehr auf ein pers\u00f6nliches Kennenlernen.&nbsp;<\/p>\n\n\n\n<div style=\"height:52px\" aria-hidden=\"true\" class=\"wp-block-spacer\"><\/div>\n\n\n\n<p>Nat\u00fcrlich k\u00f6nnen Sie sich jederzeit mit Fragen an mich&nbsp;wenden:<\/p>\n\n\n\n<p>per Mail an&nbsp;<a href=\"mailto:office@logopaedie-walch.at\"><strong>office@logopaedie-walch.at<\/strong><\/a>&nbsp;oder per Telefon unter&nbsp;<strong>0043 650 88 46 152<\/strong>&nbsp;wenden.<\/p>\n\n\n\n<p><\/p>\n\n\n\n<p>Seit der Corona-Pandemie findet die Therapie in meiner Praxis in Breitenfurt-West, Hauptstra\u00dfe 16 statt. Dort kann ich die Hygienema\u00dfnahmen ideal umsetzen und der Warteraum kann von jedem Patienten\/ jeder Patientin alleine gen\u00fctzt werden.<\/p>\n\n\n\n<p><\/p>\n","protected":false},"excerpt":{"rendered":"<p>Logop\u00e4die im Allgemeinen besch\u00e4ftigt sich mit der&nbsp; Diagnostik von Sprach-, Sprech-, Stimm-, H\u00f6r-, und Schluckst\u00f6rungen und deren Behandlung. Kommunikation ist ein wesentlicher Bestandteil des Lebens. Sich anderen verst\u00e4ndlich, klar und deutlich mitteilen zu k\u00f6nnen, erm\u00f6glicht die aktive und freudvolle Teilhabe an nahezu allen Aspekten unseres Lebens \u2013 ob im beruflichen Alltag, im sozialen und famili\u00e4ren<\/p>\n<div class=\"read-more-wrapper\"><a class=\"read-more\" href=\"https:\/\/www.praxis-vielfalt.at\/?page_id=51\" title=\"Read More\"> <span class=\"button default\">Read More<\/span><\/a><\/div>\n","protected":false},"author":1,"featured_media":0,"parent":47,"menu_order":0,"comment_status":"closed","ping_status":"closed","template":"","meta":{"footnotes":""},"class_list":["post-51","page","type-page","status-publish","hentry"],"_links":{"self":[{"href":"https:\/\/www.praxis-vielfalt.at\/index.php?rest_route=\/wp\/v2\/pages\/51","targetHints":{"allow":["GET"]}}],"collection":[{"href":"https:\/\/www.praxis-vielfalt.at\/index.php?rest_route=\/wp\/v2\/pages"}],"about":[{"href":"https:\/\/www.praxis-vielfalt.at\/index.php?rest_route=\/wp\/v2\/types\/page"}],"author":[{"embeddable":true,"href":"https:\/\/www.praxis-vielfalt.at\/index.php?rest_route=\/wp\/v2\/users\/1"}],"replies":[{"embeddable":true,"href":"https:\/\/www.praxis-vielfalt.at\/index.php?rest_route=%2Fwp%2Fv2%2Fcomments&post=51"}],"version-history":[{"count":14,"href":"https:\/\/www.praxis-vielfalt.at\/index.php?rest_route=\/wp\/v2\/pages\/51\/revisions"}],"predecessor-version":[{"id":715,"href":"https:\/\/www.praxis-vielfalt.at\/index.php?rest_route=\/wp\/v2\/pages\/51\/revisions\/715"}],"up":[{"embeddable":true,"href":"https:\/\/www.praxis-vielfalt.at\/index.php?rest_route=\/wp\/v2\/pages\/47"}],"wp:attachment":[{"href":"https:\/\/www.praxis-vielfalt.at\/index.php?rest_route=%2Fwp%2Fv2%2Fmedia&parent=51"}],"curies":[{"name":"wp","href":"https:\/\/api.w.org\/{rel}","templated":true}]}}